{"id":18,"date":"2023-11-30T19:50:43","date_gmt":"2023-11-30T18:50:43","guid":{"rendered":"https:\/\/holovsky.eu\/?page_id=18"},"modified":"2025-03-27T20:29:20","modified_gmt":"2025-03-27T19:29:20","slug":"domu","status":"publish","type":"page","link":"https:\/\/holovsky.eu\/","title":{"rendered":"\u00davodn\u00ed str\u00e1nka"},"content":{"rendered":"\n<h2 class=\"wp-block-heading\">V\u00edtejte na na\u0161\u00ed farm\u011b&#8230;<\/h2>\n\n\n\n<p><br><strong><em>&#8222;Ekologie je pro n\u00e1s v\u00fdzva, chceme dok\u00e1zat jej\u00ed funk\u010dnost ve srovn\u00e1n\u00ed s konvenc\u00ed.&#8220;<\/em><\/strong><\/p>\n\n\n\n<p>Jsme ekologicky hospoda\u0159\u00edc\u00ed rodinn\u00e1 farma. Farma se rozkl\u00e1d\u00e1 jihoz\u00e1padn\u011b od Prahy v bl\u00edzkosti Karl\u0161tejna a z\u010d\u00e1sti hospoda\u0159\u00ed v CHKO \u010cesk\u00fd kras. P\u016fvodn\u00ed rodinn\u00fd statek se nach\u00e1z\u00ed v Trn\u011bn\u00e9m \u00dajezd\u011b, nedaleko lom\u016f zvan\u00fdch Velk\u00e1 a Mal\u00e1 Amerika.<\/p>\n\n\n\n<p class=\"has-medium-font-size\"><strong>\u00da\u010dastn\u00edme se tak\u00e9 \u0159ady trh\u016f<\/strong><\/p>\n\n\n\n<ul class=\"wp-block-list\">\n<li>st\u0159eda 8-18h Ark\u00e1dy Pankr\u00e1c, farm\u00e1\u0159sk\u00e9 trhy p\u0159ed OC Ark\u00e1dy, <a href=\"https:\/\/www.farmari-trhy.cz\/\">https:\/\/www.farmari-trhy.cz\/<\/a><\/li>\n\n\n\n<li>\u010dtvrtek 8-18h Farm\u00e1\u0159sk\u00e9 trhy Barrandov &#8211; ka\u017ed\u00fd lich\u00fd t\u00fdden, Tilleho n\u00e1m\u011bst\u00ed, <a href=\"https:\/\/www.facebook.com\/trhynabarrandove\/\">https:\/\/www.facebook.com\/trhynabarrandove\/<\/a><\/li>\n\n\n\n<li>P\u00e1tek 7 &#8211; 19h And\u011blsk\u00e9 trhy &#8211; And\u011bl Praha 5, Farm\u00e1\u0159sk\u00e9 trhy na p\u011b\u0161\u00ed z\u00f3n\u011b And\u011bl, <a href=\"https:\/\/www.farmari-trhy.cz\/\">https:\/\/www.farmari-trhy.cz\/<\/a><\/li>\n\n\n\n<li>Sobota 8-14h Trhy na Ji\u0159\u00e1ku, N\u00e1m\u011bst\u00ed Ji\u0159\u00edho z Pod\u011bbrad, Praha 3, <a href=\"https:\/\/trhyjirak.cz\/\">https:\/\/trhyjirak.cz\/<\/a><\/li>\n\n\n\n<li>Sobota dopoledne &#8211; Farm\u00e1\u0159sk\u00e9 trhy Dob\u0159ichovice a \u0158evnice (od 26.4.2025, st\u0159\u00edd\u00e1n\u00ed Dob\u0159ichovice \/ \u0158evnice) &#8211; <a href=\"http:\/\/www.dobrichovicketrhy.cz\/\">http:\/\/www.dobrichovicketrhy.cz\/<\/a>, <a href=\"https:\/\/www.facebook.com\/farmarsketrhymokropsy\/\">https:\/\/www.facebook.com\/farmarsketrhymokropsy\/<\/a><\/li>\n<\/ul>\n\n\n\n<p>Pros\u00edm sledujte na\u0161e str\u00e1nky na facebooku pro p\u0159\u00edpadn\u00e9 aktuality na\u0161\u00ed \u00fa\u010dasti na trz\u00edch ! <\/p>\n\n\n\n<h2 class=\"wp-block-heading\">BIO Certifik\u00e1t<\/h2>\n\n\n\n<p>V\u0161echny na\u0161e produkty spl\u0148uj\u00ed po\u017eadavky na BIO kvalitu. Aktu\u00e1ln\u011b platn\u00fd certifik\u00e1t je k nahl\u00e9dnut\u00ed <a href=\"http:\/\/holovsky.eu\/wp-content\/uploads\/2023\/11\/Certifikat_Holovsky-ml_03552_produkty-do-20231025_vypis.pdf\" data-type=\"link\" data-id=\"http:\/\/holovsky.eu\/wp-content\/uploads\/2023\/11\/Certifikat_Holovsky-ml_03552_produkty-do-20231025_vypis.pdf\">zde<\/a>.<\/p>\n\n\n\n<p>Bal\u00ed\u010dky masa poch\u00e1zej\u00edc\u00edho z na\u0161i produkce opat\u0159ujeme touto etiketou:<\/p>\n\n\n\n<figure class=\"wp-block-image size-full\"><img loading=\"lazy\" decoding=\"async\" width=\"269\" height=\"458\" src=\"https:\/\/holovsky.eu\/wp-content\/uploads\/2023\/11\/Etiketa-na-web.png\" alt=\"\" class=\"wp-image-49\" srcset=\"https:\/\/holovsky.eu\/wp-content\/uploads\/2023\/11\/Etiketa-na-web.png 269w, https:\/\/holovsky.eu\/wp-content\/uploads\/2023\/11\/Etiketa-na-web-176x300.png 176w\" sizes=\"auto, (max-width: 269px) 100vw, 269px\" \/><\/figure>\n","protected":false},"excerpt":{"rendered":"<p>V\u00edtejte na na\u0161\u00ed farm\u011b&#8230; &#8222;Ekologie je pro n\u00e1s v\u00fdzva, chceme dok\u00e1zat jej\u00ed funk\u010dnost ve srovn\u00e1n\u00ed s konvenc\u00ed.&#8220; Jsme ekologicky hospoda\u0159\u00edc\u00ed rodinn\u00e1 farma. Farma se rozkl\u00e1d\u00e1 jihoz\u00e1padn\u011b od Prahy v bl\u00edzkosti Karl\u0161tejna a z\u010d\u00e1sti hospoda\u0159\u00ed v CHKO \u010cesk\u00fd kras. P\u016fvodn\u00ed rodinn\u00fd statek se nach\u00e1z\u00ed v Trn\u011bn\u00e9m \u00dajezd\u011b, nedaleko lom\u016f zvan\u00fdch Velk\u00e1 a Mal\u00e1 Amerika. \u00da\u010dastn\u00edme se &hellip; <\/p>\n<p class=\"link-more\"><a href=\"https:\/\/holovsky.eu\/\" class=\"more-link\">Pokra\u010dovat ve \u010dten\u00ed<span class=\"screen-reader-text\"> &#8222;\u00davodn\u00ed str\u00e1nka&#8220;<\/span><\/a><\/p>\n","protected":false},"author":1,"featured_media":0,"parent":0,"menu_order":0,"comment_status":"closed","ping_status":"closed","template":"","meta":{"footnotes":""},"class_list":["post-18","page","type-page","status-publish","hentry"],"_links":{"self":[{"href":"https:\/\/holovsky.eu\/index.php?rest_route=\/wp\/v2\/pages\/18","targetHints":{"allow":["GET"]}}],"collection":[{"href":"https:\/\/holovsky.eu\/index.php?rest_route=\/wp\/v2\/pages"}],"about":[{"href":"https:\/\/holovsky.eu\/index.php?rest_route=\/wp\/v2\/types\/page"}],"author":[{"embeddable":true,"href":"https:\/\/holovsky.eu\/index.php?rest_route=\/wp\/v2\/users\/1"}],"replies":[{"embeddable":true,"href":"https:\/\/holovsky.eu\/index.php?rest_route=%2Fwp%2Fv2%2Fcomments&post=18"}],"version-history":[{"count":8,"href":"https:\/\/holovsky.eu\/index.php?rest_route=\/wp\/v2\/pages\/18\/revisions"}],"predecessor-version":[{"id":126,"href":"https:\/\/holovsky.eu\/index.php?rest_route=\/wp\/v2\/pages\/18\/revisions\/126"}],"wp:attachment":[{"href":"https:\/\/holovsky.eu\/index.php?rest_route=%2Fwp%2Fv2%2Fmedia&parent=18"}],"curies":[{"name":"wp","href":"https:\/\/api.w.org\/{rel}","templated":true}]}}